is -1120253352 - 105?
-1120253501
In base 10, what is 7 - -110376?
110383
In base 11, what is -7a18 - -5397?
-2631
In base 16, what is 7 - -c194869?
c194870
In base 5, what is -1043 - -40144?
34101
In base 7, what is 25 + -11130425?
-11130400
In base 3, what is 122 - 120001011122122?
-120001011122000
In base 13, what is 25 - -83b8a7?
83b8cc
In base 9, what is -111023 + 2575?
-107337
In base 14, what is 29623 + -309?
29318
In base 14, what is 14205d2 + 2?
14205d4
In base 15, what is -14782b + -b6?
-1478e2
In base 12, what is 32662 - 1149?
31515
In base 9, what is 141387 - -70?
141467
In base 10, what is 15 + 1891767?
1891782
In base 14, what is -57869 - -438?
-57431
In base 11, what is -1 + 58458518?
58458517
In base 10, what is 44571 - 153?
44418
In base 16, what is -9478 - 1e6?
-965e
In base 2, what is -1000010101001101 - -1100011011?
-1000001000110010
In base 3, what is -2011 + 1112010020?
1112001002
In base 11, what is -4247 + -2818?
-6a64
In base 4, what is 30031332003320 - 11?
30031332003303
In base 15, what is -15837d76 + -3?
-15837d79
In base 6, what is -330 - -145531?
145201
In base 14, what is 87683 - 6a?
87617
In base 14, what is -96c7650 - -3?
-96c764b
In base 9, what is 42 - -332717?
332760
In base 10, what is -13222 + -17604?
-30826
In base 11, what is -10013972 - 0?
-10013972
In base 15, what is -6c3 + 92?
-631
In base 2, what is 10001110001011100100 + 1001?
10001110001011101101
In base 10, what is -91355775 + 3?
-91355772
In base 9, what is -57823366 - -5?
-57823361
In base 2, what is -100000010110010 + -11111000000?
-100100001110010
In base 11, what is 4 - 45551938?
-45551934
In base 4, what is -3 - -23101001332?
23101001323
In base 12, what is 54 + b2239?
b2291
In base 14, what is -c1611 - d?
-c1620
In base 15, what is 10001 + 22?
10023
In base 6, what is 40452 - 5014?
31434
In base 13, what is 552649 - 3?
552646
In base 7, what is 4 + -263215400?
-263215363
In base 16, what is -44f60 + -17?
-44f77
In base 11, what is 1831a + 616?
18935
In base 14, what is 61089 + 178?
61223
In base 4, what is 201323 - -102303?
310232
In base 5, what is 11 + 1014401231?
1014401242
In base 15, what is -33d55ab - -1?
-33d55aa
In base 15, what is 35 + -386db1?
-386d7b
In base 12, what is -2 + -13b8189?
-13b818b
In base 4, what is 1312202103303 - 11?
1312202103232
In base 13, what is 1cb08aa3 + -3?
1cb08aa0
In base 2, what is -11011010101 + 1010011001100?
110111110111
In base 10, what is -26503630 + 4?
-26503626
In base 8, what is 263667073 - -7?
263667102
In base 14, what is 14202a - 1?
142029
In base 9, what is 737826 + -178?
737637
In base 13, what is 25c + -76c44?
-769b5
In base 10, what is -167 - 714561?
-714728
In base 3, what is -101120 + 1200220210?
1200112020
In base 4, what is 3 + 1223301022212?
1223301022221
In base 2, what is -100010000 + -1001110110100101?
-1001111010110101
In base 6, what is 2543431240 + -3?
2543431233
In base 6, what is -1254042 - -41?
-1254001
In base 16, what is -2d2bc6 + b?
-2d2bbb
In base 9, what is -2353823258 - 4?
-2353823263
In base 10, what is -3753 - 3139?
-6892
In base 3, what is 112102101200212 - 11?
112102101200201
In base 7, what is -116 - -6233535?
6233416
In base 10, what is 187 - -281020?
281207
In base 5, what is -240 + -13314330?
-13320120
In base 13, what is -2c68 + a555?
75ba
In base 11, what is 827 - 25a268?
-259541
In base 13, what is 7bc9 - 29a4?
5225
In base 9, what is -213 - 668714?
-670027
In base 4, what is 121302130 + -2102?
121300022
In base 11, what is 1375a16aa + 5?
1375a1704
In base 4, what is 1000022 - -32130?
1032212
In base 7, what is 1023362401 - 10?
1023362361
In base 11, what is -421 + -4a92aa?
-4a9720
In base 3, what is -221010111 - -1022021?
-212211020
In base 16, what is -2a3906 + 9?
-2a38fd
In base 3, what is 120102002 - 220110122?
-100001120
In base 7, what is 114312 + -14051?
100231
In base 8, what is -6105 + -166617?
-174724
In base 6, what is 1120 + 15332130?
15333250
In base 2, what is 10101101101010110 - 110010011100?
10100111010111010
In base 6, what is -22525521 + -1033?
-22530554
In base 10, what is 135163 - 1?
135162
In base 4, what is -22030303101101 + -2?
-22030303101103
In base 12, what is 175a9 + 1b504?
36ab1
In base 11, what is -6318156 + 2?
-6318154
In base 3, what is 21000000202101101 - -1?
21000000202101102
In base 16, what is -7c43ea + 45?
-7c43a5
In base 4, what is -203310131123 - -22?
-203310131101
In base 14, what is 113d39 - -1?
113d3a
In base 9, what is 5763 - -7880?
14753
In base 4, what is -101010 + 131112?
30102
In base 12, what is 365 + -16b76?
-16811
In base 2, what is 0 - 101010101111011?
-101010101111011
In base 11, what is 3376a54 - -10?
3376a64
In base 6, what is -4140445 - -520?
-4135525
In base 3, what is -112012210011 + -22222?
-112020010010
In base 16, what is -8 + 2256e22?
2256e1a
In base 5, what is -1102311 - 12030?
-1114341
In base 8, what is -1 - -210137574?
210137573
In base 6, what is -1340142153 - 1?
-1340142154
In base 8, what is -14121660 + 31?
-14121627
In base 6, what is -2123531400 - -4?
-2123531352
In base 10, what is 11141492 + -31?
11141461
In base 10, what is 446850 - 1?
446849
In base 7, what is 64664563 + 2?
64664565
In base 8, what is -27 - -1152160?
1152131
In base 4, what is 20233123301 + 0?
20233123301
In base 15, what is 2db - -cb14?
ce00
In base 7, what is -64 + -246035530?
-246035624
In base 10, what is 2966304 - 8?
2966296
In base 4, what is 200 + 131001220113?
131001220313
In base 4, what is -11 - 10222301233?
-10222301310
In base 7, what is -12 + 12343006?
12342664
In base 5, what is 101104333 - -30?
101104413
In base 9, what is 54451 - -783?
55344
In base 2, what is 1101101011 - 10110011001001101100?
-10110010111100000001
In base 4, what is 1202001210 + -111?
1202001033
In base 3, what is -2211222 + 221120220?
211201221
In base 4, what is -3301102220 - 13?
-3301102233
In base 5, what is 3011 + -1411341?
-1403330
In base 8, what is -135357 + 57?
-135300
In base 11, what is 25 + -9a563a?
-9a5615
In base 12, what is 3 - 118a96b?
-118a968
In base 12, what is 8 - -66b?
677
In base 9, what is -53038 - 2178?
-55227
In base 4, what is 123301102 - -33133?
130000301
In base 15, what is -1 + dae5dc9?
dae5dc8
In base 16, what is -5d7ab + -893?
-5e03e
In base 10, what is -606210897 - -3?
-606210894
In base 2, what is -11111100101001010111 - 111?
-11111100101001011110
In base 4, what is 222 - 1300213300?
-1300213012
In base 8, what is -14 - -4747475?
4747461
In base 7, what is 23 + -36414035?
-36414012
In base 4, what is 211023 + 11030?
222113
In base 14, what is 17 + b210d?
b2126
In base 16, what is 26 - -60c8fc?
60c922
In base 2, what is 101101101001100011101 + -10001011?
101101101001010010010
In base 2, what is -101100110111011110000100 - -100?
-101100110111011110000000
In base 3, what is 22121012 - 102211100?
-10020011
In base 8, what is -47155 - -705?
-46250
In base 9, what is -27 + -273818?
-273846
In base 15, what is 8 + 483645?
48364d
In base 8, what is -2 - 3327350?
-3327352
In base 16, what is -27d54d + 8?
-27d545
In base 7, what is 145344066 + 1?
145344100
In base 3, what is -1 + 100012122221?
100012122220
In base 8, what is 20544252 + 135?
20544407
In base 5, what is -3042134 - 200104?
-3242243
In base 13, what is 8 - -2a2a100?
2a2a108
In base 12, what is 37a57b5 + 6?
37a57bb
In base 11, what is 59584 - -7325?
658a9
In base 4, what is 3033220020 - 20132?
3033133222
In base 12, what is 0 - 19b0b076?
-19b0b076
In base 13, what is 2 - -70c61?
70c63
In base 14, what is 558c + -14?
5578
In base 11, what is -a4491 - -24?
-a4468
In base 6, what is -1324550504 - -52?
-1324550412
In base 14, what is 2c01160 + -1?
2c0115d
In base 3, what is 1000 + 22011222222022?
22012000000022
In base 13, what is -2396 - 3908?
-5ca1
In base 16, what is 49 - 489c0?
-48977
In base 6, what is -411 + 13024354?
13023543
In base 11, what is 3 - 299065?
-299062
In base 5, what is 101 + -1440212320?
-1440212214
In base 9, what is 41 - -575040?
575081
In base 10, what is -4821884 + 3?
-4821881
In base 11, what is -3853 + 1624?
-222a
In base 3, what is -1120122202 + 101010120?
-1012112012
In base 3, what is 101122002221022 - -11?
101122002221110
In base 15, what is 20d8bb6 - 4?
20d8bb2
In base 10, what is 1385774 - -153?
1385927
In base 6, wh